71?
7
What is the ten thousands digit of 477969996?
6
What is the units digit of 293433046?
6
What is the millions digit of 598523268?
8
What is the hundreds digit of 105123916?
9
What is the ten thousands digit of 47746100?
4
What is the hundred millions digit of 6240978412?
2
What is the ten millions digit of 124560743?
2
What is the hundred thousands digit of 2363385900?
3
What is the ten thousands digit of 23286507?
8
What is the millions digit of 175623483?
5
What is the units digit of 77004001?
1
What is the millions digit of 249452983?
9
What is the tens digit of 1196213652?
5
What is the ten thousands digit of 397702148?
0
What is the hundreds digit of 960864024?
0
What is the units digit of 3166711715?
5
What is the hundred millions digit of 1619929589?
6
What is the millions digit of 47645693?
7
What is the thousands digit of 8402341?
2
What is the ten millions digit of 119682682?
1
What is the units digit of 327640043?
3
What is the ten millions digit of 118857885?
1
What is the units digit of 871234291?
1
What is the ten millions digit of 175772450?
7
What is the thousands digit of 284360433?
0
What is the units digit of 9027512?
2
What is the ten millions digit of 166376384?
6
What is the ten thousands digit of 15984692?
8
What is the hundreds digit of 906614234?
2
What is the hundred thousands digit of 89318740?
3
What is the ten thousands digit of 483993656?
9
What is the ten millions digit of 2935439896?
3
What is the tens digit of 4908562906?
0
What is the ten millions digit of 667868391?
6
What is the hundreds digit of 41668175?
1
What is the hundred millions digit of 380536484?
3
What is the hundred millions digit of 4146058568?
1
What is the ten thousands digit of 298896507?
9
What is the units digit of 256067907?
7
What is the hundred millions digit of 237223631?
2
What is the ten thousands digit of 159553397?
5
What is the ten millions digit of 67056784?
6
What is the hundreds digit of 114983325?
3
What is the hundred thousands digit of 1450742924?
7
What is the tens digit of 27917162?
6
What is the hundred thousands digit of 2532796433?
7
What is the thousands digit of 109787111?
7
What is the hundreds digit of 908063447?
4
What is the millions digit of 2062605234?
2
What is the millions digit of 154038881?
4
What is the hundred millions digit of 2637425130?
6
What is the millions digit of 1998874686?
8
What is the hundred thousands digit of 262977117?
9
What is the units digit of 256310645?
5
What is the ten thousands digit of 51822393?
2
What is the thousands digit of 274678885?
8
What is the ten millions digit of 43266827?
4
What is the ten millions digit of 2354492822?
5
What is the ten millions digit of 16990482?
1
What is the ten millions digit of 10638778?
1
What is the ten thousands digit of 230155338?
5
What is the hundred millions digit of 278818759?
2
What is the ten millions digit of 958324801?
5
What is the ten thousands digit of 28221257?
2
What is the ten millions digit of 48919736?
4
What is the ten thousands digit of 8941103?
4
What is the hundreds digit of 39101008?
0
What is the millions digit of 464786123?
4
What is the billions digit of 3361049801?
3
What is the ten millions digit of 115655726?
1
What is the thousands digit of 530072036?
2
What is the tens digit of 20629195?
9
What is the hundred millions digit of 2784199704?
7
What is the ten thousands digit of 1884024470?
2
What is the ten thousands digit of 281695833?
9
What is the thousands digit of 399973147?
3
What is the ten thousands digit of 47737999?
3
What is the ten millions digit of 31052570?
3
What is the thousands digit of 329452478?
2
What is the thousands digit of 335500162?
0
What is the millions digit of 1879838272?
9
What is the millions digit of 91397054?
1
What is the ten millions digit of 44369816?
4
What is the thousands digit of 1779832584?
2
What is the tens digit of 85058735?
3
What is the ten millions digit of 203999023?
0
What is the hundreds digit of 255090886?
8
What is the tens digit of 1877956983?
8
What is the millions digit of 13188241?
3
What is the hundreds digit of 769246349?
3
What is the hundred thousands digit of 286589450?
5
What is the units digit of 1795968786?
6
What is the tens digit of 54388377?
7
What is the millions digit of 245997181?
5
What is the hundred thousands digit of 63340373?
3
What is the ten thousands digit of 31309404?
0
What is the hundreds digit of 53533519?
5
What is the units digit of 326617264?
4
What is the ten millions digit of 455153296?
5
What is the hundreds digit of 142694058?
0
What is the hundred millions digit of 1956429783?
9
What is the tens digit of 1267020585?
8
What is the tens digit of 541680474?
7
What is the hundred millions digit of 533003409?
5
What is the millions digit of 38951678?
8
What is the millions digit of 151136893?
1
What is the ten millions digit of 198734806?
9
What is the hundreds digit of 726857305?
3
What is the thousands digit of 1489887?
9
What is the ten millions digit of 2105479345?
0
What is the units digit of 224053839?
9
What is the thousands digit of 388618879?
8
What is the units digit of 142434619?
9
What is the ten millions digit of 4647710116?
4
What is the millions digit of 20648888?
0
What is the ten thousands digit of 45616887?
1
What is the hundred thousands digit of 576088148?
0
What is the ten thousands digit of 1732286169?
8
What is the millions digit of 2339565582?
9
What is the millions digit of 377291222?
7
What is the ten thousands digit of 80247931?
4
What is the ten thousands digit of 16943829?
4
What is the thousands digit of 2261765?
1
What is the ten thousands digit of 2729967390?
6
What is the tens digit of 21771583?
8
What is the units digit of 528683498?
8
What is the units digit of 1802758811?
1
What is the thousands digit of 219571740?
1
What is the ten millions digit of 22331898?
2
What is the hundreds digit of 2595730404?
4
What is the hundreds digit of 243693172?
1
What is the hundred thousands digit of 111553901?
5
What is the ten millions digit of 57466434?
5
What is the ten millions digit of 363462734?
6
What is the millions digit of 14211626?
4
What is the units digit of 28196902?
2
What is the tens digit of 496785317?
1
What is the thousands digit of 45888144?
8
What is the units digit of 271767913?
3
What is the ten thousands digit of 5613434872?
3
What is the units digit of 131967677?
7
What is the hundreds digit of 137895235?
2
What is the ten thousands digit of 70059389?
5
What is the hundreds digit of 5006485463?
4
What is the hundred millions digit of 995421465?
9
What is the hundreds digit of 169192234?
2
What is the thousands digit of 1217432077?
2
What is the hundred millions digit of 230298407?
2
What is the units digit of 1808549929?
9
What is the millions digit of 607588788?
7
What is the hundreds digit of 19834420?
4
What is the tens digit of 1075088417?
1
What is the tens digit of 20813491?
9
What is the millions digit of 534243538?
4
What is the hundred thousands digit of 543469479?
4
What is the thousands digit of 565054767?
4
What is the tens digit of 58908643?
4
What is the tens digit of 22150722?
2
What is the tens digit of 1238267?
6
What is the hundreds digit of 56374035?
0
What is the hundred thousands digit of 66636615?
6
What is the hundred thousands digit of 4244845206?
8
What is the hundred millions digit of 1878728225?
8
What is the ten thousands digit of 934571105?
7
What is the ten thousands digit of 2847613912?
1
What is the tens digit of 2156721018?
1
What is the hundred thousands digit of 292153369?
1
What is the hundred millions digit of 918977517?
9
What is the units digit of 383024028?
8
What is the millions digit of 22627092?
2
What is the billions digit of 3023299371?
3
What is the thousands digit of 510404074?
4
What is the ten millions digit of 19035442?
1
What is the hundred millions digit of 666799580?
6
What is the ten thousands digit of 1900671701?
7
What is the hundred thousands digit of 782863669?
8
What is the ten thousands digit of 358500872?
0
What is the ten thousands digit of 126054209?
5
What is the ten thousands digit of 7356278?
5
What is the ten thousands digit of 65447947?
4
What is the units digit of 30742503?
3
What is the units digit of 169512405?
